t g(n) = -n**3 - 3*n**2 + n - 4. Let d be g(-4). Calculate the highest common factor of 40 and d.
8
Suppose 4*f - 1 - 11 = 0. Suppose -f*y + 3*n + 6 = -0*y, -2*y = -3*n - 6. Let m = y - -10. Calculate the highest common factor of m and 30.
10
Let r = 25 - 21. Calculate the highest common divisor of r and 6.
2
Let k = -25 + 35. Calculate the highest common factor of 50 and k.
10
Suppose -5*q + 2*p - 145 = -3*p, 4*q - p + 116 = 0. Let z = -133 - -195. Let a = z + q. What is the highest common factor of a and 11?
11
Suppose -87 = w - 107. Calculate the highest common divisor of w and 10.
10
Let g(w) = w**2 - 4*w + 4. Let k be g(9). Suppose 0 = -2*q - 9 + k. What is the highest common factor of q and 140?
20
Let d(s) = -s**3 + 5*s**2 - 2*s. Let i be d(3). Calculate the greatest common divisor of i and 2.
2
Let r be (-2 - (-128)/2) + (9 - 7). Let h(p) = p**3 + 5*p**2 + 2*p. Let i be h(-4). Calculate the greatest common factor of i and r.
8
Let l = 3 + -7. Let s be (21 + -3)/((-6)/l). Let d be 70/6 - 1/(-3). What is the greatest common factor of s and d?
12
Let u = -38 + 43. Calculate the greatest common divisor of u and 2.
1
Let q(b) = -b**2 + 8*b - 3. Let y be q(6). Let r be ((-24)/10)/(4/(-30)). Suppose -r = -s + 63. Calculate the highest common divisor of s and y.
9
Suppose 0 = -t - 2*h + 31, 4*h = 3*t - 25 - 48. Let r be -2 + t + 0 - 4. Calculate the greatest common divisor of 14 and r.
7
Let b(p) = -p**3 + 5*p**2 + 7*p - 4. Suppose 8 = m + 2. Let f be b(m). Suppose 3*d - 50 = -f*d. What is the highest common factor of d and 10?
10
Suppose 16*a = 12*a + 80. Calculate the highest common factor of a and 15.
5
Let o = 30 + -20. What is the greatest common divisor of o and 2?
2
Suppose -4*s + 59 = 3. Suppose o - 3*l + 8*l = 19, -l + 1 = 0. Calculate the greatest common divisor of o and s.
14
Let g be (-1)/(-2) - (-76)/8. Let b(l) = -l**2 + 2*l - 5. Let q be b(4). Let p = -8 - q. Calculate the highest common factor of p and g.
5
Let s = 79 - 54. What is the greatest common factor of 10 and s?
5
Let k be -9*2/(-12)*20/6. Calculate the greatest common divisor of k and 5.
5
Let h = -108 - -128. Suppose -3*i - 5*p - 11 = -39, -18 = 2*i - 4*p. Let l be (i + 5)*(6 - 1). What is the greatest common factor of h and l?
10
Let a = -14 - -20. Calculate the greatest common divisor of a and 66.
6
Let l be 3/5 + 12/30. Suppose 4*a = 5*y + l, -5*a + a = 2*y - 22. What is the highest common factor of y and 12?
3
Let m = 3 - -3. Calculate the highest common factor of 42 and m.
6
Let o be 72/5 + (-2)/5. Calculate the highest common factor of 98 and o.
14
Suppose 3*k + 10 = 5*k. Suppose 0 = -k*w + 3*w + 130. Calculate the greatest common factor of 13 and w.
13
Let u be (0 - -69)/(3/2). Let l be 69/1 - (2 + -2). Calculate the highest common divisor of l and u.
23
Let s be 134 + (-48)/64*4/(-3). Calculate the greatest common factor of s and 15.
15
Suppose -5*k = -4*m - 276, -3*m - 311 = -4*k - 90. What is the highest common divisor of k and 8?
8
Let v(g) = -g**2 - 5*g - 1. Suppose 1 - 7 = 2*b. Let d be v(b). Suppose 0 = -0*s + 4*s - 3*o - 163, 0 = o + 1. What is the greatest common factor of s and d?
5
Suppose 0 = 2*z, 4*z - 198 = i - 3*i. What is the greatest common divisor of 9 and i?
9
Suppose -h = -3*x + 165, 0 = -6*h + 3*h + 9. What is the highest common factor of x and 112?
56
Suppose -v - 820 = -3*o, -o + v = 5*v - 256. Suppose 4*c = -3*s + 540, -3*s = -4*c - o + 812. Calculate the highest common factor of c and 15.
15
Let i(j) = -2 + 1 + 19*j + 5 - 6. Let h be i(6). Suppose 0*b + 4*b - h = 0. Calculate the highest common divisor of 70 and b.
14
Suppose 0 = 5*l - k - 119, -2*k + 3*k - 97 = -4*l. What is the greatest common divisor of 96 and l?
24
Let z(c) = -c + 6. Let n be z(4). What is the greatest common factor of 5 and n?
1
Let d(a) = 43*a**3 + a**2. Let f be d(1). What is the highest common divisor of f and 66?
22
Let y be 15 - (2 - 6)/(-4). Calculate the highest common factor of y and 98.
14
Suppose 4*i + i = 40. Suppose -i = -o - 3*o. Suppose 0*s - 2*s + 68 = -o*t, 5*t + 140 = 4*s. Calculate the highest common factor of 45 and s.
15
Let t be 6/(-10) + 728/(-20). Let n = 19 - t. Calculate the greatest common factor of 14 and n.
14
Let u(f) = f**2 + 7*f + 9. Let v be u(-6). Suppose -132 = -4*r - 0*r - 4*n, 0 = -v*n - 6. Calculate the highest common factor of 14 and r.
7
Suppose -5*i = -v + 30, 4*i + 0*v - v + 24 = 0. Let b be i/27 + (-332)/(-36). What is the highest common factor of 45 and b?
9
Let h(r) = -r**2 + 6*r - 5. Let s be h(5). Suppose s = d - 8. What is the highest common divisor of d and 24?
8
Suppose -18 = 4*w - w. Let g be 2 + -1 - (w + 5). Suppose -22 + 2 = -g*o. Calculate the highest common divisor of 90 and o.
10
Suppose -36 = -3*s - s. Suppose 5*q - s*q = -20. Let h = -1 - -11. What is the greatest common divisor of q and h?
5
Suppose -20 = -o + 1. Suppose 6*q - 2*q = 28. What is the greatest common factor of q and o?
7
Suppose -4*l - 328 = -5*f, -8*l + 5*l + 77 = f. Calculate the greatest common divisor of f and 102.
34
Suppose 179 = 5*g - 2*u, 5*g = 4*u + u + 185. What is the greatest common divisor of 7 and g?
7
Suppose 2*l + 5 = 19. Let o = 21 + 47. Let x = o - 47. What is the highest common factor of l and x?
7
Suppose -15*v + 22*v - 98 = 0. Calculate the highest common factor of 28 and v.
14
Let g(a) = -6*a - 15. Let c be g(-10). Suppose 0*m + 2*m = 70. Suppose 2*t - 1 = m. What is the greatest common factor of t and c?
9
Let f(s) = s**2 - 9*s + 9. Let i be f(8). Let d(k) = 3*k. Let r be d(i). Suppose -36 = -v - r*v. What is the highest common divisor of v and 72?
9
Suppose 144 = 3*o - t + 38, 5*t - 82 = -2*o. What is the highest common factor of 4 and o?
4
Let d = 15 - 3. Let h(l) = 11*l - 8. Let b be h(4). What is the highest common factor of d and b?
12
Suppose -5*m - 78 - 12 = 0. Let g be (m/(-4))/((-4)/(-136)). What is the greatest common factor of g and 17?
17
Let n be (-90)/(-4) + 1/(-2). Let t(l) = -2*l - 5. Let z be t(-10). Let q = z - 4. Calculate the highest common factor of n and q.
11
Let s be (1 + 21)*13/26. Calculate the highest common divisor of s and 99.
11
Let h(t) = t + 17. Let i be h(-5). Calculate the greatest common factor of i and 108.
12
Suppose 0 = 3*x - 3, 5*m = x + 3*x + 101. What is the greatest common divisor of 35 and m?
7
Suppose 3*c - 1152 = -5*m, m + 2*c - 30 = 199. Suppose -4*a + m + 105 = 0. Calculate the greatest common divisor of a and 12.
12
Let f(q) = 6*q - 10. Let w be f(2). What is the highest common factor of 4 and w?
2
Suppose 2*n = 5*i - 29, -3*i + 5*n + 4 = -21. Suppose i + 4 = 3*a. What is the greatest common factor of 6 and a?
3
Suppose 4*m - m - 726 = 0. What is the greatest common divisor of 22 and m?
22
Suppose -2*a - 22 = -3*i - 61, -2*i = -5*a + 15. Let m = -2 - i. Suppose 0 = -4*x + 354 + 218. What is the greatest common factor of x and m?
13
Suppose -2*a - 23 = -y + 2*a, -4*a + 12 = 0. Let x(w) = -3*w + 2*w**2 + 4*w + w + 2. Let z be x(-3). What is the greatest common factor of y and z?
7
Suppose 0 = -4*q - 0 + 16. Let s be (-104)/(-28) + q/14. Suppose 3*l - s*j + 3*j = 593, 400 = 2*l + 4*j. Calculate the greatest common factor of l and 18.
18
Let p(d) = -d**3 - 2*d**2 + 2*d + 1. Let b be p(-5). What is the greatest common divisor of 6 and b?
6
Suppose 3*t = 2*f - 15, 5*f + 4*t - 6 + 3 = 0. Suppose -2*p + 4*r = -r - 229, -p + f*r = -113. Let h = p + -86. What is the greatest common divisor of h and 9?
9
Let s be (-147)/(-9) - (-12)/18. Let v(y) = -21*y + 19. Let b be v(-8). What is the greatest common factor of s and b?
17
Let f(g) = 9*g - 14. Let l be f(10). Suppose -z - o = -18, 0 = -5*z - 4*o + 12 + l. Suppose -3*k + 14 = -z. Calculate the greatest common factor of k and 50.
10
Let c(p) = p**2 + 4*p + 2. Let t be c(4). What is the highest common divisor of 374 and t?
34
Let y = -186 + 498. Calculate the greatest common divisor of 39 and y.
39
Let y = -3 + 10. Suppose 1 = -3*o + y. Let x(h) = 3*h**3 - h**2 - h - 2. Let c be x(o). What is the highest common divisor of c and 80?
16
Suppose 3*a = q + 65, 5*q = -0*a + 5*a - 105. Suppose -5*g + m + 220 = 0, -g + 2*g - m = 44. What is the highest common factor of g and a?
22
Let k = -4 + 6. Suppose -27 = -k*a - a. What is the highe